{"id":5430,"date":"2016-07-29T12:34:58","date_gmt":"2016-07-29T12:34:58","guid":{"rendered":"http:\/\/demo.wpzoom.com\/videobox\/?page_id=5430"},"modified":"2025-03-03T17:28:08","modified_gmt":"2025-03-03T16:28:08","slug":"about","status":"publish","type":"page","link":"https:\/\/birdieztv.fr\/?page_id=5430","title":{"rendered":"A propos"},"content":{"rendered":"\n<p>En attendant le mod\u00e8le svod d\u00e9finitif (sous abonnement mensuel\/annuel) de la cha\u00eene-plateforme <strong>BirdieZ<\/strong>, la plateforme vid\u00e9o actuelle est une version <strong>b\u00eata<\/strong> donc temporaire. Ainsi et dans l&rsquo;\u00e9tat, elle propose uniquement un service \u00e9ditorial d\u2019<strong>agr\u00e9gation <\/strong>de contenus disponibles <strong>gratuitement<\/strong> sur le web.<\/p>\n\n\n\n<p>Landing page :<a href=\"http:\/\/birdiez.tv\"><strong> www.birdiez.tv<\/strong><\/a><\/p>\n\n\n\n<p>Campagne crowfunding : <strong><a href=\"http:\/\/ulule.com\/birdiez\">ulule.com\/birdiez<\/a><\/strong><\/p>\n\n\n\n<p>Nous contacter : <strong><a href=\"mailto:contact@birdiez.tv\">contact@birdiez.tv<\/a><\/strong><\/p>\n","protected":false},"excerpt":{"rendered":"<p>En attendant le mod\u00e8le svod d\u00e9finitif (sous abonnement mensuel\/annuel) de la cha\u00eene-plateforme BirdieZ, la plateforme vid\u00e9o actuelle est une version b\u00eata donc temporaire. Ainsi et dans l&rsquo;\u00e9tat, elle propose uniquement un service \u00e9ditorial d\u2019agr\u00e9gation de contenus disponibles gratuitement sur le web. Landing page : www.birdiez.tv [&hellip;]<\/p>\n","protected":false},"author":1,"featured_media":5724,"parent":0,"menu_order":0,"comment_status":"closed","ping_status":"closed","template":"","meta":{"footnotes":""},"class_list":["post-5430","page","type-page","status-publish","has-post-thumbnail","hentry"],"_links":{"self":[{"href":"https:\/\/birdieztv.fr\/index.php?rest_route=\/wp\/v2\/pages\/5430","targetHints":{"allow":["GET"]}}],"collection":[{"href":"https:\/\/birdieztv.fr\/index.php?rest_route=\/wp\/v2\/pages"}],"about":[{"href":"https:\/\/birdieztv.fr\/index.php?rest_route=\/wp\/v2\/types\/page"}],"author":[{"embeddable":true,"href":"https:\/\/birdieztv.fr\/index.php?rest_route=\/wp\/v2\/users\/1"}],"replies":[{"embeddable":true,"href":"https:\/\/birdieztv.fr\/index.php?rest_route=%2Fwp%2Fv2%2Fcomments&post=5430"}],"version-history":[{"count":3,"href":"https:\/\/birdieztv.fr\/index.php?rest_route=\/wp\/v2\/pages\/5430\/revisions"}],"predecessor-version":[{"id":5742,"href":"https:\/\/birdieztv.fr\/index.php?rest_route=\/wp\/v2\/pages\/5430\/revisions\/5742"}],"wp:featuredmedia":[{"embeddable":true,"href":"https:\/\/birdieztv.fr\/index.php?rest_route=\/wp\/v2\/media\/5724"}],"wp:attachment":[{"href":"https:\/\/birdieztv.fr\/index.php?rest_route=%2Fwp%2Fv2%2Fmedia&parent=5430"}],"curies":[{"name":"wp","href":"https:\/\/api.w.org\/{rel}","templated":true}]}}